{"id":2823,"date":"2023-08-14T05:48:02","date_gmt":"2023-08-14T10:48:02","guid":{"rendered":"https:\/\/www.maxespressocoffee.com\/maquinas\/maxespresso-milano\/"},"modified":"2023-10-31T06:18:31","modified_gmt":"2023-10-31T11:18:31","slug":"maxespresso-milano","status":"publish","type":"maquinas","link":"https:\/\/www.maxespressocoffee.com\/it\/macchine\/maxespresso-milano\/","title":{"rendered":"Maxespresso Milano"},"content":{"rendered":"\n<p>Bellezza concentrata in una piccola dimensione. Modello innovativo, pi\u00f9 comodo, pi\u00f9 pratico e pi\u00f9 leggero. <\/p>\n\n<p>Ideale per godersi il piacere di un espresso nella privacy della casa o in ufficio. Soddisfare le esigenze dei pi\u00f9 esigenti e il nostro gusto che ci caratterizza. <\/p>\n\n<p><\/p>\n","protected":false},"featured_media":2389,"template":"","color-maquina":[42,44,45],"class_list":["post-2823","maquinas","type-maquinas","status-publish","has-post-thumbnail","hentry","color-maquina-bianco","color-maquina-nero","color-maquina-rosso"],"_links":{"self":[{"href":"https:\/\/www.maxespressocoffee.com\/it\/wp-json\/wp\/v2\/maquinas\/2823","targetHints":{"allow":["GET"]}}],"collection":[{"href":"https:\/\/www.maxespressocoffee.com\/it\/wp-json\/wp\/v2\/maquinas"}],"about":[{"href":"https:\/\/www.maxespressocoffee.com\/it\/wp-json\/wp\/v2\/types\/maquinas"}],"wp:featuredmedia":[{"embeddable":true,"href":"https:\/\/www.maxespressocoffee.com\/it\/wp-json\/wp\/v2\/media\/2389"}],"wp:attachment":[{"href":"https:\/\/www.maxespressocoffee.com\/it\/wp-json\/wp\/v2\/media?parent=2823"}],"wp:term":[{"taxonomy":"color-maquina","embeddable":true,"href":"https:\/\/www.maxespressocoffee.com\/it\/wp-json\/wp\/v2\/color-maquina?post=2823"}],"curies":[{"name":"wp","href":"https:\/\/api.w.org\/{rel}","templated":true}]}}

<p>Bellezza concentrata in una piccola dimensione. Modello innovativo, più comodo, più pratico e più leggero. </p>

<p>Ideale per godersi il piacere di un espresso nella privacy della casa o in ufficio. Soddisfare le esigenze dei più esigenti e il nostro gusto che ci caratterizza. </p>

<p></p>
